True
Does 78 divide 28938?
True
Does 14 divide 37?
False
Is 2 a factor of 241?
False
Is 102 a factor of 94496?
False
Does 227 divide 33990?
False
Is 702 a multiple of 54?
True
Is 16 a factor of 9024?
True
Is 1500 a multiple of 41?
False
Is 30821 a multiple of 49?
True
Is 2784 a multiple of 16?
True
Does 102 divide 171360?
True
Does 7 divide 714?
True
Is 103 a factor of 5459?
True
Is 44 a factor of 3359?
False
Does 86 divide 40678?
True
Is 28 a factor of 61670?
False
Does 92 divide 5428?
True
Does 9 divide 576?
True
Does 24 divide 294?
False
Does 42 divide 2730?
True
Is 2833 a multiple of 12?
False
Does 33 divide 10127?
False
Is 12076 a multiple of 9?
False
Is 83 a multiple of 16?
False
Does 11 divide 1722?
False
Does 145 divide 15080?
True
Is 1769 a multiple of 13?
False
Is 20125 a multiple of 21?
False
Is 22 a factor of 92?
False
Is 10263 a multiple of 11?
True
Does 46 divide 972?
False
Is 376 a multiple of 94?
True
Is 93 a factor of 28179?
True
Does 213 divide 18009?
False
Does 47 divide 307?
False
Is 362 a multiple of 29?
False
Does 29 divide 12628?
False
Does 10 divide 3726?
False
Is 15640 a multiple of 34?
True
Is 3 a factor of 234?
True
Does 15 divide 180?
True
Is 17108 a multiple of 178?
False
Does 11 divide 12831?
False
Is 5830 a multiple of 106?
True
Is 1562 a multiple of 142?
True
Is 92 a multiple of 46?
True
Is 624 a multiple of 21?
False
Does 43 divide 387?
True
Is 540 a multiple of 20?
True
Is 2613 a multiple of 13?
True
Is 20 a factor of 27100?
True
Does 77 divide 539?
True
Does 35 divide 12106?
False
Is 347 a multiple of 3?
False
Is 7 a factor of 112?
True
Is 76 a multiple of 4?
True
Is 720 a multiple of 24?
True
Is 522 a multiple of 3?
True
Is 11803 a multiple of 32?
False
Is 3478 a multiple of 47?
True
Does 8 divide 10284?
False
Is 19516 a multiple of 14?
True
Does 3 divide 294?
True
Is 130 a multiple of 26?
True
Does 70 divide 4620?
True
Does 12 divide 2364?
True
Is 833 a multiple of 6?
False
Does 12 divide 6303?
False
Does 8 divide 1656?
True
Is 21266 a multiple of 31?
True
Is 29 a factor of 81?
False
Does 111 divide 10212?
True
Is 43217 a multiple of 17?
False
Is 5 a factor of 13092?
False
Does 74 divide 11774?
False
Is 3 a factor of 3774?
True
Is 26763 a multiple of 67?
False
Does 23 divide 345?
True
Does 77 divide 2614?
False
Is 24708 a multiple of 213?
True
Does 67 divide 4288?
True
Is 56 a factor of 35358?
False
Is 34 a factor of 255?
False
Does 8 divide 356?
False
Does 35 divide 1155?
True
Is 1440 a multiple of 15?
True
Is 106 a multiple of 19?
False
Does 20 divide 4090?
False
Is 2530 a multiple of 151?
False
Is 794 a multiple of 11?
False
Does 5 divide 279?
False
Is 15 a factor of 60?
True
Is 1508 a multiple of 25?
False
Does 12 divide 540?
True
Is 13516 a multiple of 31?
True
Does 61 divide 16925?
False
Is 13 a factor of 4619?
False
Is 12 a factor of 17791?
False
Does 54 divide 356?
False
Is 26 a factor of 45942?
True
Does 78 divide 1324?
False
Is 554 a multiple of 14?
False
Does 37 divide 63233?
True
Does 33 divide 3452?
False
Is 4666 a multiple of 14?
False
Is 49 a factor of 2989?
True
Does 20 divide 67?
False
Does 25 divide 2150?
True
Is 147 even?
False
Is 14 a factor of 617?
False
Is 19 a factor of 10545?
True
Is 112 a factor of 25348?
False
Is 3692 a multiple of 6?
False
Is 3777 a multiple of 2?
False
Is 30 a factor of 15510?
True
Does 7 divide 574?
True
Is 14 a factor of 2108?
False
Is 6 a factor of 11112?
True
Does 11 divide 78?
False
Does 60 divide 17619?
False
Does 67 divide 469?
True
Is 779 a multiple of 36?
False
Is 40368 a multiple of 48?
True
Does 100 divide 34408?
False
Is 84 a factor of 8400?
True
Is 43554 a multiple of 61?
True
Is 17 a factor of 656?
False
Is 380 a multiple of 20?
True
Does 15 divide 1731?
False
Is 57 a factor of 5192?
False
Is 47 a factor of 2115?
True
Is 7497 a multiple of 21?
True
Does 38 divide 1672?
True
Is 2965 a multiple of 23?
False
Does 14 divide 254?
False
Is 129 a factor of 10578?
True
Is 10 a factor of 130811?
False
Does 11 divide 352?
True
Is 14 a factor of 3141?
False
Does 15 divide 19050?
True
Does 21 divide 581?
False
Is 2 a factor of 1659?
False
Is 5 a factor of 6623?
False
Does 59 divide 39247?
False
Does 17 divide 24233?
False
Is 2168 a multiple of 28?
False
Does 32 divide 59616?
True
Is 9 a factor of 9427?
False
Is 3 a factor of 632?
False
Does 25 divide 599?
False
Is 2517 a multiple of 67?
False
Is 3597 a multiple of 109?
True
Does 41 divide 41?
True
Is 611 even?
False
Is 35 a factor of 8225?
True
Is 19 a factor of 300?
False
Is 12 a factor of 7023?
False
Does 4 divide 528?
True
Is 10 a factor of 20?
True
Does 8 divide 5613?
False
Is 43 a multiple of 29?
False
Is 203 a factor of 7452?
False
Is 2 a factor of 87?
False
Is 5 a factor of 144?
False
Does 14 divide 689?
False
Is 31 a factor of 6288?
False
Is 1928 a multiple of 8?
True
Does 60 divide 156?
False
Is 68 a factor of 408?
True
Is 418 a multiple of 4?
False
Is 8 a factor of 1586?
False
Does 6 divide 400?
False
Does 12 divide 2446?
False
Does 36 divide 6645?
False
Is 5070 a multiple of 161?
False
Is 1572 a multiple of 12?
True
Is 32713 a multiple of 29?
False
Is 13 a factor of 1131?
True
Is 37400 a multiple of 10?
True
Is 50 a multiple of 40?
False
Does 67 divide 4824?
True
Is 10498 a multiple of 181?
True
Is 3690 a multiple of 30?
True
Is 83 a factor of 27013?
False
Does 11 divide 45727?
True
Does 44 divide 132?
True
Is 8159 a multiple of 84?
False
Does 98 divide 980?
True
Is 18 a factor of 216?
True
Is 34 a factor of 1186?
False
Is 1767 a multiple of 10?
False
Is 192 a factor of 54912?
True
Does 19 divide 5757?
True
Is 12033 a multiple of 22?
False
Is 41670 a multiple of 18?
True
Is 2442 a multiple of 74?
True
Is 3715 a multiple of 11?
False
Does 4 divide 3137?
False
Is 37379 a multiple of 16?
False
Does 2 divide 10469?
False
Is 14 a factor of 5945?
False
Does 180 divide 3484?
False
Does 15 divide 13226?
False
Is 101 a factor of 5428?
False
Does 17 divide 6681?
True
Does 7 divide 15085?
True
Does 25 divide 850?
True
Is 2069 a multiple of 3?
False
Is 809 a multiple of 43?
False
Is 1671 a multiple of 5?
False
Is 4512 a multiple of 21?
False
Is 1171 a multiple of 27?
False
Is 94437 a multiple of 21?
True
Is 7 a factor of 5642?
True
Is 1593 a multiple of 21?
False
Does 19 divide 5249?
False
Is 44 a factor of 352?
True
Is 32 a factor of 16128?
True
Is 84 a factor of 1848?
True
Is 46 a factor of 414?
True
Is 53 a factor of 5356?
False
Is 610 a multiple of 35?
False
Does 110 divide 3630?
True
Does 3 divide 558?
True
Is 21 a factor of 273?
True
Does 9 divide 5670?
True
Is 26 a factor of 1990?
False
Is 24 a factor of 1872?
True
Does 14 divide 266?
True
Is 23 a factor of 2559?
False
Is 9 a factor of 35469?
True
Is 53 a factor of 1251?
False
Is 10011 a multiple of 169?
False
Does 14 divide 196?
True
Does 3 divide 114?
True
Is 39314 a multiple of 8?
False
Is 13 a factor of 10289?
False
Is 1549 a multiple of 32?
False
Does 40 divide 200?
True
Does 35 divide 115?
False
Is 35 a factor of 1484?
False
Is 609 a multiple of 80?
False
Is 7 a factor of 502?
False
Is 13634 a multiple of 34?
True
Is 11 a factor of 3454?
True
Is 72576 a multiple of 63?
True
Is 56 even?
True
Is 20 a factor of 2740?
True
Is 10728 a multiple of 140?
False
Is 51 a factor of 3635?
False
Is 6 a factor of 6468?
True
Is 72 a factor of 19296?
True
Is 8 a factor of 1208?
True
Is 1444 a multiple of 38?
True
Is 15 a factor of 2625?
True
Does 91 divide 1456?
True
Does 16 divide 384?
True
Is 13462 a multiple of 145?
False
Is 10 a factor of 150?
True
Is 48871 a multiple of 156?
False
Is 60 a factor of 28617?
False
Is 42170 a multiple of 51?
False
Is 2489 a multiple of 3?
False
Is 33 a factor of 12032?
False
Is 90137 a multiple of 46?
False
Is 352 a multiple of 16?
True
Does 9 divide 948?
False
Is 10406 a multiple of 22?
True
Is 6665 a multiple of 9?
False
Is 20165 a multiple of 5?
True
Is 17016 a multiple of 18?
False
Does 11 divide 40185?
False
Is 42 a factor of 46578?
True
Is 2059 a multiple of 66?
False
Is 44000 a multiple of 250?
True
Is 17 a factor of 4564?
False
Does 367 divide 19451?
True
Does 2 divide 1923?
False
Is 47861 a multiple of 11?
True
Is 263 a multiple of 37?
False
Does 7 divide 771?
False
Is 48 a factor of 624?
True
Does 82 divide 820?
True